{"id":744,"date":"2017-05-22T13:29:00","date_gmt":"2017-05-22T13:29:00","guid":{"rendered":"https:\/\/pulsarproperties.es\/?post_type=project&#038;p=744"},"modified":"2022-04-05T06:22:32","modified_gmt":"2022-04-05T06:22:32","slug":"conferencia-logistica-inversa","status":"publish","type":"project","link":"http:\/\/pulsarproperties.es\/en\/actividad\/conferencia-logistica-inversa\/","title":{"rendered":"Reverse Logistics Conference"},"content":{"rendered":"<p><\/p>\n\n\n\n<p>Fundaci\u00f3n Pulsar, together with CEOE-CEPYME Guadalajara, participated in a Reverse Logistics Conference in Guadalajara.<\/p>\n\n\n\n<p><\/p>\n\n\n\n<div class=\"wp-block-image\"><figure class=\"aligncenter size-full\"><img loading=\"lazy\" decoding=\"async\" width=\"1800\" height=\"1200\" src=\"https:\/\/pulsarproperties.es\/wp-content\/uploads\/2017-conferencia-1.jpg\" alt=\"\" class=\"wp-image-746\" srcset=\"https:\/\/pulsarproperties.es\/wp-content\/uploads\/2017-conferencia-1.jpg 1800w, https:\/\/pulsarproperties.es\/wp-content\/uploads\/2017-conferencia-1-1280x853.jpg 1280w, https:\/\/pulsarproperties.es\/wp-content\/uploads\/2017-conferencia-1-980x653.jpg 980w, https:\/\/pulsarproperties.es\/wp-content\/uploads\/2017-conferencia-1-480x320.jpg 480w\" sizes=\"auto, (min-width: 0px) and (max-width: 480px) 480px, (min-width: 481px) and (max-width: 980px) 980px, (min-width: 981px) and (max-width: 1280px) 1280px, (min-width: 1281px) 1800px, 100vw\" \/><\/figure><\/div>\n\n\n\n<p><\/p>\n\n\n\n<p><\/p>","protected":false},"excerpt":{"rendered":"<p>Fundaci\u00f3n Pulsar, together with CEOE-CEPYME Guadalajara, participated in a Reverse Logistics Conference in Guadalajara.<\/p>","protected":false},"author":1,"featured_media":746,"comment_status":"open","ping_status":"closed","template":"","meta":{"_et_pb_use_builder":"","_et_pb_old_content":"","_et_gb_content_width":"","footnotes":""},"project_category":[],"project_tag":[],"class_list":["post-744","project","type-project","status-publish","has-post-thumbnail","hentry"],"yoast_head":"<!-- This site is optimized with the Yoast SEO plugin v27.4 - https:\/\/yoast.com\/product\/yoast-seo-wordpress\/ -->\n<title>Conferencia Log\u00edstica Inversa - Pulsar Properties<\/title>\n<meta name=\"robots\" content=\"index, follow, max-snippet:-1, max-image-preview:large, max-video-preview:-1\" \/>\n<link rel=\"canonical\" href=\"https:\/\/pulsarproperties.es\/en\/actividad\/conferencia-logistica-inversa\/\" \/>\n<meta property=\"og:locale\" content=\"en_GB\" \/>\n<meta property=\"og:type\" content=\"article\" \/>\n<meta property=\"og:title\" content=\"Conferencia Log\u00edstica Inversa - Pulsar Properties\" \/>\n<meta property=\"og:description\" content=\"Fundaci\u00f3n Pulsar, junto con CEOE-CEPYME Guadalajara, particip\u00f3 en una Jornada de Log\u00edstica Inversa en Guadalajara.\" \/>\n<meta property=\"og:url\" content=\"https:\/\/pulsarproperties.es\/en\/actividad\/conferencia-logistica-inversa\/\" \/>\n<meta property=\"og:site_name\" content=\"Pulsar Properties\" \/>\n<meta property=\"article:modified_time\" content=\"2022-04-05T06:22:32+00:00\" \/>\n<meta property=\"og:image\" content=\"https:\/\/pulsarproperties.es\/wp-content\/uploads\/2017-conferencia-1.jpg\" \/>\n\t<meta property=\"og:image:width\" content=\"1800\" \/>\n\t<meta property=\"og:image:height\" content=\"1200\" \/>\n\t<meta property=\"og:image:type\" content=\"image\/jpeg\" \/>\n<meta name=\"twitter:card\" content=\"summary_large_image\" \/>\n<meta name=\"twitter:site\" content=\"@pulsarpropertie\" \/>\n<script type=\"application\/ld+json\" class=\"yoast-schema-graph\">{\"@context\":\"https:\\\/\\\/schema.org\",\"@graph\":[{\"@type\":\"WebPage\",\"@id\":\"https:\\\/\\\/pulsarproperties.es\\\/actividad\\\/conferencia-logistica-inversa\\\/\",\"url\":\"https:\\\/\\\/pulsarproperties.es\\\/actividad\\\/conferencia-logistica-inversa\\\/\",\"name\":\"Conferencia Log\u00edstica Inversa - Pulsar Properties\",\"isPartOf\":{\"@id\":\"https:\\\/\\\/pulsarproperties.es\\\/#website\"},\"primaryImageOfPage\":{\"@id\":\"https:\\\/\\\/pulsarproperties.es\\\/actividad\\\/conferencia-logistica-inversa\\\/#primaryimage\"},\"image\":{\"@id\":\"https:\\\/\\\/pulsarproperties.es\\\/actividad\\\/conferencia-logistica-inversa\\\/#primaryimage\"},\"thumbnailUrl\":\"https:\\\/\\\/pulsarproperties.es\\\/wp-content\\\/uploads\\\/2017-conferencia-1.jpg\",\"datePublished\":\"2017-05-22T13:29:00+00:00\",\"dateModified\":\"2022-04-05T06:22:32+00:00\",\"breadcrumb\":{\"@id\":\"https:\\\/\\\/pulsarproperties.es\\\/actividad\\\/conferencia-logistica-inversa\\\/#breadcrumb\"},\"inLanguage\":\"en-GB\",\"potentialAction\":[{\"@type\":\"ReadAction\",\"target\":[\"https:\\\/\\\/pulsarproperties.es\\\/actividad\\\/conferencia-logistica-inversa\\\/\"]}]},{\"@type\":\"ImageObject\",\"inLanguage\":\"en-GB\",\"@id\":\"https:\\\/\\\/pulsarproperties.es\\\/actividad\\\/conferencia-logistica-inversa\\\/#primaryimage\",\"url\":\"https:\\\/\\\/pulsarproperties.es\\\/wp-content\\\/uploads\\\/2017-conferencia-1.jpg\",\"contentUrl\":\"https:\\\/\\\/pulsarproperties.es\\\/wp-content\\\/uploads\\\/2017-conferencia-1.jpg\",\"width\":1800,\"height\":1200,\"caption\":\"Fundaci\u00f3n Pulsar, junto con CEOE-CEPYME Guadalajara, particip\u00f3 en una Jornada de Log\u00edstica Inversa en Guadalajara.\"},{\"@type\":\"BreadcrumbList\",\"@id\":\"https:\\\/\\\/pulsarproperties.es\\\/actividad\\\/conferencia-logistica-inversa\\\/#breadcrumb\",\"itemListElement\":[{\"@type\":\"ListItem\",\"position\":1,\"name\":\"Portada\",\"item\":\"https:\\\/\\\/pulsarproperties.es\\\/\"},{\"@type\":\"ListItem\",\"position\":2,\"name\":\"Proyectos\",\"item\":\"https:\\\/\\\/pulsarproperties.es\\\/actividad\\\/\"},{\"@type\":\"ListItem\",\"position\":3,\"name\":\"Conferencia Log\u00edstica Inversa\"}]},{\"@type\":\"WebSite\",\"@id\":\"https:\\\/\\\/pulsarproperties.es\\\/#website\",\"url\":\"https:\\\/\\\/pulsarproperties.es\\\/\",\"name\":\"Pulsar Properties\",\"description\":\"Expertos en infraestructuras log\u00edsticas\",\"publisher\":{\"@id\":\"https:\\\/\\\/pulsarproperties.es\\\/#organization\"},\"alternateName\":\"Pulsar Properties\",\"potentialAction\":[{\"@type\":\"SearchAction\",\"target\":{\"@type\":\"EntryPoint\",\"urlTemplate\":\"https:\\\/\\\/pulsarproperties.es\\\/?s={search_term_string}\"},\"query-input\":{\"@type\":\"PropertyValueSpecification\",\"valueRequired\":true,\"valueName\":\"search_term_string\"}}],\"inLanguage\":\"en-GB\"},{\"@type\":\"Organization\",\"@id\":\"https:\\\/\\\/pulsarproperties.es\\\/#organization\",\"name\":\"Pulsar Properties\",\"alternateName\":\"Pulsar Properties\",\"url\":\"https:\\\/\\\/pulsarproperties.es\\\/\",\"logo\":{\"@type\":\"ImageObject\",\"inLanguage\":\"en-GB\",\"@id\":\"https:\\\/\\\/pulsarproperties.es\\\/#\\\/schema\\\/logo\\\/image\\\/\",\"url\":\"https:\\\/\\\/pulsarproperties.es\\\/wp-content\\\/uploads\\\/pulsar-properties-logo.png\",\"contentUrl\":\"https:\\\/\\\/pulsarproperties.es\\\/wp-content\\\/uploads\\\/pulsar-properties-logo.png\",\"width\":425,\"height\":201,\"caption\":\"Pulsar Properties\"},\"image\":{\"@id\":\"https:\\\/\\\/pulsarproperties.es\\\/#\\\/schema\\\/logo\\\/image\\\/\"},\"sameAs\":[\"https:\\\/\\\/x.com\\\/pulsarpropertie\",\"https:\\\/\\\/www.linkedin.com\\\/company\\\/grupo-pulsar?originalSubdomain=es\"]}]}<\/script>\n<!-- \/ Yoast SEO plugin. -->","yoast_head_json":{"title":"Conferencia Log\u00edstica Inversa - Pulsar Properties","robots":{"index":"index","follow":"follow","max-snippet":"max-snippet:-1","max-image-preview":"max-image-preview:large","max-video-preview":"max-video-preview:-1"},"canonical":"https:\/\/pulsarproperties.es\/en\/actividad\/conferencia-logistica-inversa\/","og_locale":"en_GB","og_type":"article","og_title":"Conferencia Log\u00edstica Inversa - Pulsar Properties","og_description":"Fundaci\u00f3n Pulsar, junto con CEOE-CEPYME Guadalajara, particip\u00f3 en una Jornada de Log\u00edstica Inversa en Guadalajara.","og_url":"https:\/\/pulsarproperties.es\/en\/actividad\/conferencia-logistica-inversa\/","og_site_name":"Pulsar Properties","article_modified_time":"2022-04-05T06:22:32+00:00","og_image":[{"width":1800,"height":1200,"url":"https:\/\/pulsarproperties.es\/wp-content\/uploads\/2017-conferencia-1.jpg","type":"image\/jpeg"}],"twitter_card":"summary_large_image","twitter_site":"@pulsarpropertie","schema":{"@context":"https:\/\/schema.org","@graph":[{"@type":"WebPage","@id":"https:\/\/pulsarproperties.es\/actividad\/conferencia-logistica-inversa\/","url":"https:\/\/pulsarproperties.es\/actividad\/conferencia-logistica-inversa\/","name":"Conferencia Log\u00edstica Inversa - Pulsar Properties","isPartOf":{"@id":"https:\/\/pulsarproperties.es\/#website"},"primaryImageOfPage":{"@id":"https:\/\/pulsarproperties.es\/actividad\/conferencia-logistica-inversa\/#primaryimage"},"image":{"@id":"https:\/\/pulsarproperties.es\/actividad\/conferencia-logistica-inversa\/#primaryimage"},"thumbnailUrl":"https:\/\/pulsarproperties.es\/wp-content\/uploads\/2017-conferencia-1.jpg","datePublished":"2017-05-22T13:29:00+00:00","dateModified":"2022-04-05T06:22:32+00:00","breadcrumb":{"@id":"https:\/\/pulsarproperties.es\/actividad\/conferencia-logistica-inversa\/#breadcrumb"},"inLanguage":"en-GB","potentialAction":[{"@type":"ReadAction","target":["https:\/\/pulsarproperties.es\/actividad\/conferencia-logistica-inversa\/"]}]},{"@type":"ImageObject","inLanguage":"en-GB","@id":"https:\/\/pulsarproperties.es\/actividad\/conferencia-logistica-inversa\/#primaryimage","url":"https:\/\/pulsarproperties.es\/wp-content\/uploads\/2017-conferencia-1.jpg","contentUrl":"https:\/\/pulsarproperties.es\/wp-content\/uploads\/2017-conferencia-1.jpg","width":1800,"height":1200,"caption":"Fundaci\u00f3n Pulsar, junto con CEOE-CEPYME Guadalajara, particip\u00f3 en una Jornada de Log\u00edstica Inversa en Guadalajara."},{"@type":"BreadcrumbList","@id":"https:\/\/pulsarproperties.es\/actividad\/conferencia-logistica-inversa\/#breadcrumb","itemListElement":[{"@type":"ListItem","position":1,"name":"Portada","item":"https:\/\/pulsarproperties.es\/"},{"@type":"ListItem","position":2,"name":"Proyectos","item":"https:\/\/pulsarproperties.es\/actividad\/"},{"@type":"ListItem","position":3,"name":"Conferencia Log\u00edstica Inversa"}]},{"@type":"WebSite","@id":"https:\/\/pulsarproperties.es\/#website","url":"https:\/\/pulsarproperties.es\/","name":"Pulsar Properties","description":"Expertos en infraestructuras log\u00edsticas","publisher":{"@id":"https:\/\/pulsarproperties.es\/#organization"},"alternateName":"Pulsar Properties","potentialAction":[{"@type":"SearchAction","target":{"@type":"EntryPoint","urlTemplate":"https:\/\/pulsarproperties.es\/?s={search_term_string}"},"query-input":{"@type":"PropertyValueSpecification","valueRequired":true,"valueName":"search_term_string"}}],"inLanguage":"en-GB"},{"@type":"Organization","@id":"https:\/\/pulsarproperties.es\/#organization","name":"Pulsar Properties","alternateName":"Pulsar Properties","url":"https:\/\/pulsarproperties.es\/","logo":{"@type":"ImageObject","inLanguage":"en-GB","@id":"https:\/\/pulsarproperties.es\/#\/schema\/logo\/image\/","url":"https:\/\/pulsarproperties.es\/wp-content\/uploads\/pulsar-properties-logo.png","contentUrl":"https:\/\/pulsarproperties.es\/wp-content\/uploads\/pulsar-properties-logo.png","width":425,"height":201,"caption":"Pulsar Properties"},"image":{"@id":"https:\/\/pulsarproperties.es\/#\/schema\/logo\/image\/"},"sameAs":["https:\/\/x.com\/pulsarpropertie","https:\/\/www.linkedin.com\/company\/grupo-pulsar?originalSubdomain=es"]}]}},"_links":{"self":[{"href":"http:\/\/pulsarproperties.es\/en\/wp-json\/wp\/v2\/project\/744","targetHints":{"allow":["GET"]}}],"collection":[{"href":"http:\/\/pulsarproperties.es\/en\/wp-json\/wp\/v2\/project"}],"about":[{"href":"http:\/\/pulsarproperties.es\/en\/wp-json\/wp\/v2\/types\/project"}],"author":[{"embeddable":true,"href":"http:\/\/pulsarproperties.es\/en\/wp-json\/wp\/v2\/users\/1"}],"replies":[{"embeddable":true,"href":"http:\/\/pulsarproperties.es\/en\/wp-json\/wp\/v2\/comments?post=744"}],"version-history":[{"count":0,"href":"http:\/\/pulsarproperties.es\/en\/wp-json\/wp\/v2\/project\/744\/revisions"}],"wp:featuredmedia":[{"embeddable":true,"href":"http:\/\/pulsarproperties.es\/en\/wp-json\/wp\/v2\/media\/746"}],"wp:attachment":[{"href":"http:\/\/pulsarproperties.es\/en\/wp-json\/wp\/v2\/media?parent=744"}],"wp:term":[{"taxonomy":"project_category","embeddable":true,"href":"http:\/\/pulsarproperties.es\/en\/wp-json\/wp\/v2\/project_category?post=744"},{"taxonomy":"project_tag","embeddable":true,"href":"http:\/\/pulsarproperties.es\/en\/wp-json\/wp\/v2\/project_tag?post=744"}],"curies":[{"name":"wp","href":"https:\/\/api.w.org\/{rel}","templated":true}]}}

<p></p>



<p>Fundación Pulsar, together with CEOE-CEPYME Guadalajara, participated in a Reverse Logistics Conference in Guadalajara.</p>



<p></p>



<div class="wp-block-image"><figure class="aligncenter size-full"><img loading="lazy" decoding="async" width="1800" height="1200" src="https://pulsarproperties.es/wp-content/uploads/2017-conferencia-1.jpg" alt="" class="wp-image-746" srcset="https://pulsarproperties.es/wp-content/uploads/2017-conferencia-1.jpg 1800w, https://pulsarproperties.es/wp-content/uploads/2017-conferencia-1-1280x853.jpg 1280w, https://pulsarproperties.es/wp-content/uploads/2017-conferencia-1-980x653.jpg 980w, https://pulsarproperties.es/wp-content/uploads/2017-conferencia-1-480x320.jpg 480w" sizes="auto, (min-width: 0px) and (max-width: 480px) 480px, (min-width: 481px) and (max-width: 980px) 980px, (min-width: 981px) and (max-width: 1280px) 1280px, (min-width: 1281px) 1800px, 100vw" /></figure></div>



<p></p>



<p></p>

<p>Fundación Pulsar, together with CEOE-CEPYME Guadalajara, participated in a Reverse Logistics Conference in Guadalajara.</p>

<!-- This site is optimized with the Yoast SEO plugin v27.4 - https://yoast.com/product/yoast-seo-wordpress/ -->
<title>Conferencia Logística Inversa - Pulsar Properties</title>
<meta name="robots" content="index, follow, max-snippet:-1, max-image-preview:large, max-video-preview:-1" />
<link rel="canonical" href="https://pulsarproperties.es/en/actividad/conferencia-logistica-inversa/" />
<meta property="og:locale" content="en_GB" />
<meta property="og:type" content="article" />
<meta property="og:title" content="Conferencia Logística Inversa - Pulsar Properties" />
<meta property="og:description" content="Fundación Pulsar, junto con CEOE-CEPYME Guadalajara, participó en una Jornada de Logística Inversa en Guadalajara." />
<meta property="og:url" content="https://pulsarproperties.es/en/actividad/conferencia-logistica-inversa/" />
<meta property="og:site_name" content="Pulsar Properties" />
<meta property="article:modified_time" content="2022-04-05T06:22:32+00:00" />
<meta property="og:image" content="https://pulsarproperties.es/wp-content/uploads/2017-conferencia-1.jpg" />
	<meta property="og:image:width" content="1800" />
	<meta property="og:image:height" content="1200" />
	<meta property="og:image:type" content="image/jpeg" />
<meta name="twitter:card" content="summary_large_image" />
<meta name="twitter:site" content="@pulsarpropertie" />
<script type="application/ld+json" class="yoast-schema-graph">{"@context":"https:\/\/schema.org","@graph":[{"@type":"WebPage","@id":"https:\/\/pulsarproperties.es\/actividad\/conferencia-logistica-inversa\/","url":"https:\/\/pulsarproperties.es\/actividad\/conferencia-logistica-inversa\/","name":"Conferencia Logística Inversa - Pulsar Properties","isPartOf":{"@id":"https:\/\/pulsarproperties.es\/#website"},"primaryImageOfPage":{"@id":"https:\/\/pulsarproperties.es\/actividad\/conferencia-logistica-inversa\/#primaryimage"},"image":{"@id":"https:\/\/pulsarproperties.es\/actividad\/conferencia-logistica-inversa\/#primaryimage"},"thumbnailUrl":"https:\/\/pulsarproperties.es\/wp-content\/uploads\/2017-conferencia-1.jpg","datePublished":"2017-05-22T13:29:00+00:00","dateModified":"2022-04-05T06:22:32+00:00","breadcrumb":{"@id":"https:\/\/pulsarproperties.es\/actividad\/conferencia-logistica-inversa\/#breadcrumb"},"inLanguage":"en-GB","potentialAction":[{"@type":"ReadAction","target":["https:\/\/pulsarproperties.es\/actividad\/conferencia-logistica-inversa\/"]}]},{"@type":"ImageObject","inLanguage":"en-GB","@id":"https:\/\/pulsarproperties.es\/actividad\/conferencia-logistica-inversa\/#primaryimage","url":"https:\/\/pulsarproperties.es\/wp-content\/uploads\/2017-conferencia-1.jpg","contentUrl":"https:\/\/pulsarproperties.es\/wp-content\/uploads\/2017-conferencia-1.jpg","width":1800,"height":1200,"caption":"Fundación Pulsar, junto con CEOE-CEPYME Guadalajara, participó en una Jornada de Logística Inversa en Guadalajara."},{"@type":"BreadcrumbList","@id":"https:\/\/pulsarproperties.es\/actividad\/conferencia-logistica-inversa\/#breadcrumb","itemListElement":[{"@type":"ListItem","position":1,"name":"Portada","item":"https:\/\/pulsarproperties.es\/"},{"@type":"ListItem","position":2,"name":"Proyectos","item":"https:\/\/pulsarproperties.es\/actividad\/"},{"@type":"ListItem","position":3,"name":"Conferencia Logística Inversa"}]},{"@type":"WebSite","@id":"https:\/\/pulsarproperties.es\/#website","url":"https:\/\/pulsarproperties.es\/","name":"Pulsar Properties","description":"Expertos en infraestructuras logísticas","publisher":{"@id":"https:\/\/pulsarproperties.es\/#organization"},"alternateName":"Pulsar Properties","potentialAction":[{"@type":"SearchAction","target":{"@type":"EntryPoint","urlTemplate":"https:\/\/pulsarproperties.es\/?s={search_term_string}"},"query-input":{"@type":"PropertyValueSpecification","valueRequired":true,"valueName":"search_term_string"}}],"inLanguage":"en-GB"},{"@type":"Organization","@id":"https:\/\/pulsarproperties.es\/#organization","name":"Pulsar Properties","alternateName":"Pulsar Properties","url":"https:\/\/pulsarproperties.es\/","logo":{"@type":"ImageObject","inLanguage":"en-GB","@id":"https:\/\/pulsarproperties.es\/#\/schema\/logo\/image\/","url":"https:\/\/pulsarproperties.es\/wp-content\/uploads\/pulsar-properties-logo.png","contentUrl":"https:\/\/pulsarproperties.es\/wp-content\/uploads\/pulsar-properties-logo.png","width":425,"height":201,"caption":"Pulsar Properties"},"image":{"@id":"https:\/\/pulsarproperties.es\/#\/schema\/logo\/image\/"},"sameAs":["https:\/\/x.com\/pulsarpropertie","https:\/\/www.linkedin.com\/company\/grupo-pulsar?originalSubdomain=es"]}]}</script>
<!-- / Yoast SEO plugin. -->

Conferencia Logística Inversa - Pulsar Properties

Fundación Pulsar, junto con CEOE-CEPYME Guadalajara, participó en una Jornada de Logística Inversa en Guadalajara.

Conferencia Logística Inversa

Expertos en infraestructuras logísticas
